*v - k - 217 = 0. Let w = 58 - v. Suppose 0 = s - w*s + 32. Calculate the remainder when 93 is divided by s.
13
Suppose -5*p = -25, -8*p + 40 = 3*f - 9*p. What is the remainder when 252 is divided by f?
12
Suppose 0 = 4*j + c - 429, 0 = 5*j + 1669*c - 1670*c - 543. What is the remainder when 214 is divided by j?
106
Let y(v) = 29*v + 5. Let g be y(-2). Let w = g + 52. What is the remainder when 77 is divided by (0 + w)*((-82)/2 + 2)?
38
Suppose 4*o = -2*i + 24, o = -5*i - 3*o + 66. Suppose 4*s + 9 = 29. What is the remainder when (i/(-35))/(3/(-45)) is divided by s?
1
Let j(n) be the first derivative of -n**4/4 - n**3/3 + n**2/2 - 4*n - 2. Suppose 3*s - 5759 + 5747 = 0. What is the remainder when j(-3) is divided by s?
3
Let l = -17447 - -17450. What is the remainder when 2890 is divided by l?
1
Suppose 7 - 27 = -s. Suppose -3*w + 35 = -37 - 33. What is the remainder when w is divided by s?
15
Let t(c) = c**2 + 5*c - 8. Suppose -3*l - 3*b + 1314 = 0, -5*l + 2*b + 788 = -1339. What is the remainder when l is divided by t(-7)?
3
Suppose 39 - 180 = -3*w. Suppose 64 = 48*x - w*x. What is the remainder when x is divided by 27?
10
Let r(q) = 23*q**2 + 9*q + 17. Let i(g) = g**2 - 4*g - 62. Let s be i(10). What is the remainder when r(s) is divided by 38?
15
Suppose -5*s + 10*y - 5*y = -65, 2*s - y - 26 = 0. Calculate the remainder when 1206 is divided by s.
10
Suppose -3*v - z = -5*z - 19, 4*z = 5*v - 37. Let p = -10 - -43. Calculate the remainder when 4 - 3/((-9)/p) is divided by v.
6
Let q = -2 - -5. Suppose -3*n - 2*n + 207 = -i, 3*n - 135 = -q*i. Let u(f) = 6*f**3 + 32*f**2 + 4*f - 8. What is the remainder when n is divided by u(-5)?
20
Let t(s) = -s**3 - 14*s**2 - 31*s + 14. Let d be t(-11). What is the remainder when d/52 + 810/26 is divided by 23?
8
Suppose 0*q + 2*q - 120 = 0. Let p = -204 + 208. Suppose 3*x + x = -p*j + q, 27 = x - 5*j. Calculate the remainder when 101 is divided by x.
16
Let r = 7891 - 7646. Calculate the remainder when 497 is divided by r.
7
Let j = 12345 + -11851. Calculate the remainder when j is divided by 244.
6
Let f(r) = -5*r**2 + 140*r + 8. Calculate the remainder when f(27) is divided by 128.
15
Let r = 2369 - -7279. Calculate the remainder when r is divided by 10.
8
Suppose 15884 = -284*c + 322*c. Calculate the remainder when c is divided by 41.
8
Suppose -26*b + 5179 = -10*b - 36853. Calculate the remainder when b is divided by 188.
183
Suppose -2*a = -3*z - 40, -3*a - 3*z = -2*z - 38. Suppose -6*j + 5*n - 35 = -j, -2*j = n + a. Calculate the remainder when 37 is divided by (33/21 + -3)*j.
7
Let h(v) = -2*v + 69. What is the remainder when (-3)/(-96)*4 - (-43365)/472 is divided by h(20)?
5
What is the remainder when 2041 is divided by (155/(-75))/((-4)/60)?
26
What is the remainder when 443 is divided by (70/(-25))/(72/(-1260))?
2
Suppose 3*g + g = 232. Suppose 5*u = -3*v + 19, -2*v = -3*u + 1 - 20. Suppose 6*o = v + 52. Calculate the remainder when g is divided by o.
8
Let v = -238348 + 238419. Let x(f) = f + 272. Calculate the remainder when x(0) is divided by v.
59
Let n be (-3)/((-90)/25) - (-57)/18. Suppose v + 11 = -4*u + 13, 2*u + 80 = n*v. Let b = 89 - 0. What is the remainder when b is divided by v?
17
Let m = -19715 - -26297. Calculate the remainder when m is divided by 178.
174
Calculate the remainder when 1629 is divided by 1*(5 + -7) - -5 - 40/(-2).
19
Suppose 112*q + 913 = 3377. Let h = 120 + -37. Calculate the remainder when h is divided by q.
17
Suppose -3*u + 25*s - 28*s = -204, 6*u - 435 = 3*s. What is the remainder when 901 is divided by u?
49
Suppose -319266 = 27*b + 161*b - 1187826. Calculate the remainder when b is divided by 201.
198
Suppose 2*m = n - 0*n - 329, -2*n + 2 = 0. Calculate the remainder when ((-2)/(-8) + (-5)/10)*m is divided by 14.
13
Suppose 3*y - 2*v = 195, 0 = 2*y - 2*v - 2*v - 130. Suppose 451 = -8*s - 2685. Let c = s - -415. What is the remainder when y is divided by c?
19
What is the remainder when 3142 is divided by ((-696)/(-30))/((-26)/(-1170))?
10
Let j be (-14)/35 - 3171/(-15). Let t = j - 105. Suppose -2*i + t = -0*i. What is the remainder when i is divided by 18?
17
Let f = 1171 + -2455. What is the remainder when 428/(-535) + f/(-5) is divided by 86?
84
Let w(k) = -75*k**3 + 14*k**2 - 17*k - 28. What is the remainder when w(-3) is divided by 32?
30
Let y = 4502 + -2201. Calculate the remainder when y is divided by 72.
69
Let k(d) = 2*d**3 + 3*d**2 - 27*d + 6. What is the remainder when 381 is divided by k(4)?
11
Suppose 253 = -88*p + 91*p + h, -15 = 3*h. Calculate the remainder when 1028 is divided by p.
82
Let w(n) = 34*n - 4. Let d(z) = -40*z**3 + 2882*z**2 - 142*z - 129. What is the remainder when w(4) is divided by d(72)?
12
Suppose 2*q - 22 = -h, -448*h + 453*h = -2*q + 86. Suppose -27 - 228 = -5*m. Calculate the remainder when m is divided by h.
3
Suppose -4*v + 74 = -70. Let g = -283 - -284. Let i = g + v. Calculate the remainder when 71 is divided by i.
34
Suppose 5*u - 9*u + 2*d = -80, 0 = 2*u - 5*d - 32. Suppose w + 0*w = 4*t + 5, -5 = -5*t. Calculate the remainder when u is divided by w.
3
Suppose 5*q - 12*s + 7*s - 1415 = 0, -2*q - 5*s = -538. Suppose 6*a - q = 615. Calculate the remainder when a is divided by 14.
9
Suppose 32*d = 947 + 525. What is the remainder when 218 is divided by d?
34
Suppose -46*h = 30*h - 7220. Let y(m) = -7*m**3 + 5*m + 8. Calculate the remainder when y(-3) is divided by h.
87
Let n = 1279 - 898. Suppose 15 + n = 11*r. What is the remainder when 137 is divided by r?
29
Calculate the remainder when 8516 is divided by 222/13 + -9*(-13)/(-1521).
16
Let l = -102 + 153. Suppose 4*v - 124 = -4*u, -3*v - 3*u + 88 = -u. Suppose v*k - 14*k - 156 = 0. Calculate the remainder when l is divided by k.
12
Let h = 12730 + -12566. What is the remainder when 967 is divided by h?
147
Let t = 25147 + -22615. What is the remainder when t is divided by 363?
354
Suppose -y = 2*m + 8, 0 = -3*m - 1 - 2. Let w be 4/(-1)*(-3 + (-15)/y). Suppose -w*p + 198 = -62. What is the remainder when p is divided by 6?
4
Let h = 633 - 320. Suppose 3*u - 23 = -4*l - 6, u + 4*l + 5 = 0. What is the remainder when h is divided by u?
5
Suppose 0 = d - q, -3*d + 2*q + 8 - 3 = 0. Let k(j) = -j**2 + 3*j + 4. Calculate the remainder when k(3) is divided by -6*(-2)/(7 + d).
0
Let g be 27/1 + (12/(-3))/(-4). Let j = 41 - g. Suppose 14*s - 15 = j*s. What is the remainder when 103 is divided by s?
13
Suppose -5*c + 36 = -4*b, -2*c = c + 5*b - 29. Suppose -3*i + 0 - 3 = 0. What is the remainder when i/(2/(-8)) + (-1064)/(-56) is divided by c?
7
Suppose 964 = 2*w - 5*j, -521 = -w - 174*j + 170*j. Calculate the remainder when w is divided by 143.
68
Let d = 16240 - 16230. What is the remainder when 481 is divided by d?
1
What is the remainder when ((-1 + 57)/(-7) - -16) + 416 is divided by 138?
10
Suppose -2*h - 8 = 6*z - z, 0 = -5*z - h - 4. Suppose 4*p - 8*p + 184 = z. What is the remainder when p is divided by 8?
6
Let r(w) be the first derivative of -w**4/4 - 2*w**3 - 3*w**2/2 + 24*w - 24. What is the remainder when r(-7) is divided by 14?
10
Let y be (-1)/((-292)/72 - -4). Suppose 70 - y = 4*q. What is the remainder when 90 is divided by q?
12
Let j = -361 + 363. Calculate the remainder when (-27339)/(-273) + j/(-14) is divided by 60.
40
Calculate the remainder when 848 is divided by ((-3)/(-2))/(21/644).
20
Let t = -847 - -865. Calculate the remainder when 1302/18 + 1/(-3) is divided by t.
0
Suppose 123*v = -142600 + 779740. What is the remainder when v is divided by 64?
60
Suppose -o = 3*n - 97, 2*o = -2*o + 4. Let b(j) = -269*j - 2679. What is the remainder when n is divided by b(-10)?
10
Suppose -4*p + 164 = -2*p + 3*s, 4*s = -5*p + 396. What is the remainder when p is divided by (-2 - -6)/(64/224)?
6
Let k = -8 + 8. Suppose 0 = -k*y + 5*y + 15. What is the remainder when 149 is divided by (10/(-15))/(y/171)?
35
Suppose 2442 = -382*h + 46372. Calculate the remainder when 1028 is divided by h.
108
Let l = 86 + 167. Suppose -2*r + 23 + l = -2*j, -3*j - 3 = 0. Calculate the remainder when r is divided by 23.
22
Let p(n) = -n**3 - 12*n**2 + 32*n - 33. Let u be p(-14). Let a = u - -104. What is the remainder when a is divided by 9?
6
Calculate the remainder when (46 -